1093. Give u(-5).
7
Let m(w) = -16*w - 36. Determine m(8).
-164
Let p(c) = -37*c - 772. Calculate p(-21).
5
Let v(d) = -d**3 + 5*d**2 + 15*d - 57. What is v(6)?
-3
Let q(w) = -38*w + 166. What is q(-9)?
508
Let b(n) = 222*n - 32877. Determine b(148).
-21
Let u(d) = -4*d**2 + 18*d + 54. Give u(-5).
-136
Let o(u) = -4*u**2 + 10*u + 7. Calculate o(-4).
-97
Let s(q) = -31*q**2 + 1238*q + 79. Determine s(40).
-1
Let u(f) = 162*f + 10599. Calculate u(-66).
-93
Let x(y) = 20*y**2 + 277*y + 3. Determine x(-14).
45
Let z(u) = -69*u**3 + 13*u**2 - 10*u - 1. Calculate z(1).
-67
Let g(a) = -a**3 + 7*a**2 + 14*a + 35. What is g(9)?
-1
Let b(n) = 1177*n - 7132. What is b(6)?
-70
Let m(f) = -f**2 + 77*f - 1592. What is m(46)?
-166
Let n(w) = 2*w**2 + 8*w - 12. Calculate n(0).
-12
Let c(i) = 3*i**3 + 275*i**2 + 184*i + 182. Determine c(-91).
0
Let m(k) = 5*k**2 + 151*k - 2183. Give m(-41).
31
Let b(c) = 479*c + 44. What is b(-1)?
-435
Let z(q) = -q**2 - 46*q - 19. What is z(-43)?
110
Let r(p) = p**2 + 83*p + 238. Calculate r(-3).
-2
Let b(q) = -2*q**3 - q**2 + 20*q + 29. Give b(-3).
14
Let l(t) = -4*t**2 + 313*t - 398. Calculate l(77).
-13
Let r(g) = 79*g - 7293. Calculate r(92).
-25
Let c(o) = 89*o - 2130. Calculate c(23).
-83
Let f(w) = -w**2 + 14*w + 109. Give f(18).
37
Let s(t) = -329*t + 10. What is s(-2)?
668
Let r(d) = d**2 + 94*d - 712. Determine r(8).
104
Let n(w) = -348*w - 375. Give n(-1).
-27
Let t(p) = p**3 - 5*p**2 + 14*p + 24. What is t(3)?
48
Let h(f) = f**2 + 15*f - 382. Determine h(13).
-18
Let h(r) = 243*r + 204. Determine h(-2).
-282
Let j(y) = -y**3 + 231*y**2 - 1148*y + 4071. Determine j(226).
3
Let z(x) = -16*x**2 - 110*x + 8. Give z(-6).
92
Let c(o) = 57*o**2 + 591*o + 210. What is c(-10)?
0
Let o(q) = 190*q + 772. Give o(-4).
12
Let p(q) = -5*q**2 - 53*q - 101. What is p(-2)?
-15
Let l(t) = 3*t**2 - 113*t + 77. Determine l(37).
3
Let p(j) = 2*j**2 + 175*j + 2067. What is p(-14)?
9
Let z(s) = -s**2 + 22*s + 624. Determine z(47).
-551
Let y(d) = 8*d**2 - 267*d - 1758. Determine y(39).
-3
Let w(d) = -40852*d - 163409. Give w(-4).
-1
Let a(t) = 24*t - 262. What is a(10)?
-22
Let g(o) = -45*o + 40. Determine g(5).
-185
Let l(z) = 50*z - 744. Give l(15).
6
Let h(m) = 8*m**3 - 2*m**2 + 6. Determine h(-2).
-66
Let n(b) = -b**3 - 19*b**2 - 29*b + 17. What is n(-15)?
-448
Let l(x) = 34*x + 2491. Calculate l(-72).
43
Let f(z) = 31*z**2 + 23*z - 55. Determine f(2).
115
Let o(t) = t**2 + 18*t + 34. What is o(-6)?
-38
Let u(p) = 22*p**2 - 111*p + 7. Determine u(5).
2
Let t(i) = -26*i + 327. Determine t(12).
15
Let p(r) = -2*r**3 + 18*r**2 - 125*r + 1125. What is p(9)?
0
Let t(y) = y**3 - 158*y**2 - 479*y - 648. Calculate t(161).
-4
Let l(g) = 22*g**2 + 408*g + 230. Determine l(-18).
14
Let v(m) = m**3 + 99*m**2 + 2181*m + 123. Give v(-66).
-75
Let c(u) = u**3 + 9*u**2 - 46*u + 3. Determine c(4).
27
Let f(r) = 1058*r + 5273. Calculate f(-5).
-17
Let k(r) = -r + 106. What is k(113)?
-7
Let o(h) = -10677*h + 21352. Give o(2).
-2
Let o(j) = 4*j + 331. What is o(35)?
471
Let b(u) = 32355*u + 161775. Give b(-5).
0
Let m(j) = 3*j**3 + 47*j**2 + 165*j + 2024. Give m(-15).
-1
Let c(w) = -24*w**3 - w**2 + w. What is c(-1)?
22
Let s(v) = -v**3 + 12*v**2 + 62*v + 36. Calculate s(16).
4
Let a(v) = -v**3 + 17*v**2 + 25*v - 108. What is a(18)?
18
Let q(p) = -3*p**2 - 324*p + 3280. What is q(10)?
-260
Let w(i) = -i**3 + 9*i**2 - 79*i + 878. Give w(10).
-12
Let i(y) = -3*y**3 + 57*y**2 - 53*y - 35. What is i(18)?
-17
Let n(v) = 502*v + 1002. What is n(-2)?
-2
Let p(m) = -565*m - 12993. Give p(-23).
2
Let c(z) = -35*z - 634. What is c(10)?
-984
Let w(u) = -u**2 - u + 26. Give w(5).
-4
Let b(p) = 9*p - 530. Determine b(62).
28
Let b(t) = -1791*t - 10785. Determine b(-6).
-39
Let f(s) = -6079*s - 48637. Give f(-8).
-5
Let o(x) = 20*x**2 + 48*x - 143. Determine o(3).
181
Let c(z) = 3*z**3 + 17*z**2 - 12*z - 13. Determine c(-6).
23
Let d(m) = -2*m**3 - 17*m**2 - 14*m + 4. Give d(-6).
-92
Let y(o) = o**2 - 22. What is y(8)?
42
Let s(v) = -235*v + 14813. Determine s(63).
8
Let d(z) = -2447*z - 4885. Determine d(-2).
9
Let q(h) = -666*h + 3377. Determine q(5).
47
Let u(r) = 7*r**3 + 4*r**2 + 2*r - 4. What is u(1)?
9
Let c(q) = -4*q**2 + 95*q + 105. Determine c(-1).
6
Let h(c) = c**2 + 175*c + 6951. Give h(-61).
-3
Let j(k) = -k**3 + 11*k**2 + 95*k - 841. What is j(9)?
176
Let x(y) = y**2 - 578*y - 6482. Give x(-11).
-3
Let z(l) = -6*l**2 + 250*l + 126. Calculate z(42).
42
Let s(b) = -13*b**3 - 6*b + 41. What is s(4)?
-815
Let b(q) = 3*q**2 + 787*q - 40. Give b(0).
-40
Let t(b) = -b**3 - 16*b**2 + 15*b + 72. Determine t(-16).
-168
Let n(r) = -28*r**2 + 722*r + 132. Determine n(26).
-24
Let n(w) = -167*w**2 + 333*w - 6. Calculate n(2).
-8
Let s(n) = 203*n - 2636. Calculate s(13).
3
Let p(d) = d**3 + 33*d**2 - 381*d - 76. Calculate p(-42).
50
Let n(j) = 244*j - 262. Determine n(1).
-18
Let g(u) = -u**2 - 7*u + 500. Calculate g(-26).
6
Let g(n) = -n**3 - n**2 + 30*n + 39. Calculate g(-9).
417
Let r(o) = 9*o**3 - 40*o**2 + 44*o. What is r(2)?
0
Let v(u) = -3*u**3 - 2*u**2 - 1047*u + 2100. Calculate v(2).
-26
Let q(n) = -10*n**3 - n**2 - 305*n - 305. Give q(-1).
9
Let c(z) = -z**3 - 56*z**2 - 683*z + 36. Calculate c(-38).
-2
Let c(u) = -157*u + 2366. Calculate c(15).
11
Let w(c) = c**2 - 9*c + 6. Give w(4).
-14
Let f(d) = 5*d**2 + 18*d - 45. Calculate f(3).
54
Let b(w) = -w**3 + 38*w**2 - 2*w + 114. Give b(38).
38
Let n(a) = -27*a + 1260. Calculate n(48).
-36
Let z(o) = -37*o - 1137. What is z(-31)?
10
Let w(d) = 66*d**2 - 2*d - 1. Give w(-1).
67
Let b(v) = 2*v**2 - 10*v - 23. What is b(-4)?
49
Let h(f) = -2492*f - 7478. Determine h(-3).
-2
Let t(x) = x**3 + 9*x**2 + 3*x - 60. What is t(-5)?
25
Let c(d) = 7*d**2 - 148*d + 23. Calculate c(21).
2
Let t(y) = -y**2 - 379*y + 61737. Determine t(123).
-9
Let p(i) = i**3 - i**2 - 95*i + 185. What is p(2)?
-1
Let h(u) = 18*u - 162. Calculate h(9).
0
Let m(d) = 85*d**2 - 23*d - 13. Calculate m(-1).
95
Let z(y) = -989*y + 3950. Calculate z(4).
-6
Let h(l) = l**3 + 31*l**2 - 113*l - 379. What is h(-34)?
-5
Let m(u) = -u**2 + 9*u - 3. Determine m(-10).
-193
Let n(g) = -3*g**2 - 2*g + 46. Calculate n(5).
-39
Let o(x) = 20*x**2 - 267*x + 99. Give o(13).
8
Let g(b) = 69*b + 6137. Calculate g(-89).
-4
Let t(p) = -p**3 + 27*p**2 + 11*p - 182. Calculate t(27).
115
Let s(p) = 7*p - 330. What is s(32)?
-106
Let f(n) = n**2 + 25*n - 54. Determine f(-19).
-168
Let t(l) = -l**3 - 4*l**2 - 453*l - 1353. Give t(-3).
-3
Let i(z) = -12*z**2 + 102*z - 227. What is i(5)?
-17
Let y(h) = -h**3 - 42*h**2 - 41*h - 49. What is y(-41)?
-49
Let h(s) = -29*s + 242. What is h(8)?
10
Let j(x) = -2*x**2 + 188*x - 265. What is j(92)?
103
Let y(s) = 2*s**2 - 574*s - 22. Calculate y(0).
-22
Let r(z) = -6224*z - 74686. Determine r(-12).
2
Let w(j) = j**2 - 53*j - 182. Calculate w(0).
-182
Let o(j) = -113*j + 5542. Determine o(49).
5
Let h(o) = -o**3 - 34*o**2 - 64*o - 6. Determine h(-32).
-6
Let o(a) = 16*a**2 + 1164*a - 290. Calculate o(-73).
2
Let b(n) = -7538*n - 30150. What is b(-4)?
2
Let c(w) = -w**2 + 8*w + 214. Determine c(19).
5
Let g(r) = -r**3 + 11*r**2 + 76*r - 854. Give g(10).
6
Let h(q) = -92*q + 5609. Determine h(61).
-3
Let u(y) = -6*y**2 + 126*y + 266. Determine u(-2).
-10
Let n(g) = -g**3 + 43*g**2 - 22*g + 955. Give n(43).
9
Let g(h) = 15*h**2 - 195*h - 17. Give g(13).
-17
Let g(x) = -2*x**3 + 11*x**2 - 9*x - 29. What is g(6)?
-119
Let p(q) = -120*q**2 + 10682*q - 128. Calculate p(89).
50
Let c(w) = -304*w + 312. Determine c(1).
8
Let n(j) = 4*j**2 - 38*j - 16. Give n(10).
4
Let m(i) = i**3 + 117*i**2 - 243*i - 473. Determine m(-119).
122
Let z(o) = o**2 - 3*o + 2. Give z(0).
2
Let s(x) = 3*x**3 - 44*x**2 + 31*x + 30. Calculate s(14).
72
Let l(n) = -11*n**3 - 2*n**2 - 3*n + 5. Determine l(1).
-11
Let u(p) = p**3 + 15*p**2 - 7*p - 162. Calculate u(-4).
42
Let x(p) = 1499*p + 257835. What is x(-172)?
7
Let c(v) = -v**2 + 24*v + 2669. What is c(-41)?
4
Let u(q) = 756*q + 13033. Determine u(-17).
181
Let a(h) = 15*h**2 - 1260*h. What is a(84)?
0
Let g(p) = p**3 + 7*p**2 - 7*p + 12. Calculate g(-7).
61
Let v(p) = p**3 + 28*p**2 + 56*p + 28. Calculate v(-26).
-76
Let f(q) = q**2 + 97*q + 1842. Give f(-26).
-4
Let j(f) = 2*f**3 - 23*f**2 + 22*f + 34. Calc